{"id":62,"date":"2025-12-22T18:45:42","date_gmt":"2025-12-22T18:45:42","guid":{"rendered":"http:\/\/gorajec.info\/?page_id=62"},"modified":"2025-12-22T18:46:55","modified_gmt":"2025-12-22T18:46:55","slug":"film","status":"publish","type":"page","link":"http:\/\/gorajec.info\/index.php\/film\/","title":{"rendered":"Film Dzie\u0144 Wolno\u015bci Ch\u0142opskiej"},"content":{"rendered":"<p><iframe loading=\"lazy\" title=\"YouTube video player\" src=\"https:\/\/www.youtube.com\/embed\/0bXZkWjB6Jg?si=VpZIavUxW5LD11uq\" width=\"560\" height=\"315\" frameborder=\"0\" allowfullscreen=\"allowfullscreen\"><\/iframe><\/p>\n<div dir=\"auto\"><\/div>\n<div dir=\"auto\">W niewielkiej wiosce, gdzie\u015b na ko\u0144cu \u015bwiata, po\u015br\u00f3d las\u00f3w i wzg\u00f3rz Roztocza, wci\u0105\u017c \u017cywa jest pami\u0119\u0107 o najwi\u0119kszej \u2013 i bezkrwawej \u2013 rewolucji spo\u0142ecznej, jaka wydarzy\u0142a si\u0119 na tych ziemiach.<\/div>\n<div class=\"x14z9mp xat24cr x1lziwak x1vvkbs xtlvy1s x126k92a\">\n<div dir=\"auto\">W 1848 roku w Galicji zniesiono pa\u0144szczyzn\u0119.<\/div>\n<div dir=\"auto\">Zniesiono podda\u0144stwo.<\/div>\n<\/div>\n<div class=\"x14z9mp xat24cr x1lziwak x1vvkbs xtlvy1s x126k92a\">\n<div dir=\"auto\">System p\u00f3\u0142niewolniczy, w kt\u00f3rym nie mo\u017cna by\u0142o sprzeda\u0107 pojedynczego cz\u0142owieka \u2013 Ka\u015bki, Ba\u015bki czy Wojtka \u2013 ale mo\u017cna by\u0142o sprzeda\u0107 ca\u0142\u0105 wie\u015b. System, z kt\u00f3rego nie da\u0142o si\u0119 odej\u015b\u0107, wyjecha\u0107, uwolni\u0107.<\/div>\n<\/div>\n<div class=\"x14z9mp xat24cr x1lziwak x1vvkbs xtlvy1s x126k92a\">\n<div dir=\"auto\">Moment zniesienia pa\u0144szczyzny by\u0142 momentem prawdziwej ulgi i rado\u015bci. Zosta\u0142 zapisany w kamieniu \u2013 w krzy\u017cach pa\u0144szczy\u017anianych, przydro\u017cnych pomnikach wolno\u015bci, kt\u00f3re do dzi\u015b stoj\u0105 w centrach wsi i na rozstajach dr\u00f3g. To one by\u0142y i s\u0105 znakami pami\u0119ci, wsp\u00f3lnoty i sprawczo\u015bci ch\u0142op\u00f3w.<\/div>\n<\/div>\n<div class=\"x14z9mp xat24cr x1lziwak x1vvkbs xtlvy1s x126k92a\">\n<div dir=\"auto\">W filmie pokazujemy, jak te znaki wracaj\u0105 do \u017cycia. Jak kamienne krzy\u017ce s\u0105 ponownie zdobione \u2013 tak jak dawniej \u2013 r\u0119cznie wykonanymi kwiatami z bibu\u0142y. Jak wsp\u00f3lnota zn\u00f3w spotyka si\u0119 wok\u00f3\u0142 symboli wolno\u015bci.<\/div>\n<\/div>\n<div class=\"x14z9mp xat24cr x1lziwak x1vvkbs xtlvy1s x126k92a\">\n<div dir=\"auto\">Ale historia ch\u0142opska to nie tylko kamie\u0144.<\/div>\n<div dir=\"auto\">To przede wszystkim opowie\u015b\u0107.<\/div>\n<\/div>\n<div class=\"x14z9mp xat24cr x1lziwak x1vvkbs xtlvy1s x126k92a\">\n<div dir=\"auto\">Kultura ludowa nie by\u0142a zapisywana w podr\u0119cznikach. Przenosi\u0142a si\u0119 z ust do ust, z wieczornych rozm\u00f3w, z pami\u0119ci dziadk\u00f3w, matek i babek. To w\u0142a\u015bnie ta \u201emi\u0119kka tkanka kultury\u201d najszybciej znika \u2013 je\u015bli nikt jej nie s\u0142ucha i nie zapisuje.<\/div>\n<\/div>\n<div class=\"x14z9mp xat24cr x1lziwak x1vvkbs xtlvy1s x126k92a\">\n<div dir=\"auto\">Dlatego Dzie\u0144 Wolno\u015bci Ch\u0142opskiej jest tak\u017ce przestrzeni\u0105 dla badaczy historii ludowej, etnograf\u00f3w i historyk\u00f3w. Bo zniesienie pa\u0144szczyzny nie zako\u0144czy\u0142o konflikt\u00f3w. Po 1848 roku przez dziesi\u0119ciolecia trwa\u0142y krwawe spory serwitutowe o lasy, \u0142\u0105ki i pastwiska \u2013 o podstawy przetrwania. Palono \u0142\u0105ki, niszczono lasy, bito i zabijano ch\u0142op\u00f3w zbieraj\u0105cych chrust. Wolno\u015b\u0107 przysz\u0142a, ale jej cena by\u0142a wysoka.<\/div>\n<\/div>\n<div class=\"x14z9mp xat24cr x1lziwak x1vvkbs xtlvy1s x126k92a\">\n<div dir=\"auto\">Ten film jest opowie\u015bci\u0105 o pami\u0119ci.<\/div>\n<\/div>\n<div class=\"x14z9mp xat24cr x1lziwak x1vvkbs xtlvy1s x126k92a\">\n<div dir=\"auto\">O wolno\u015bci wywalczonej bez broni, ale nie bez cierpienia.<\/div>\n<div dir=\"auto\">O historii, kt\u00f3ra nie zosta\u0142a zapisana \u2013 i dlatego \u0142atwo j\u0105 straci\u0107.<\/div>\n<div dir=\"auto\"><span class=\"html-span xexx8yu xyri2b x18d9i69 x1c1uobl x1hl2dhg x16tdsg8 x1vvkbs x3nfvp2 x1j61x8r x1fcty0u xdj266r xat24cr xm2jcoa x1mpyi22 xxymvpz xlup9mm x1kky2od\"><img loading=\"lazy\" decoding=\"async\" class=\"xz74otr x15mokao x1ga7v0g x16uus16 xbiv7yw\" src=\"https:\/\/static.xx.fbcdn.net\/images\/emoji.php\/v9\/ta\/1\/16\/1f4fd.png\" alt=\"\ud83d\udcfd\ufe0f\" width=\"16\" height=\"16\" \/><\/span> Dzie\u0144 Wolno\u015bci Ch\u0142opskiej \u2013 dokument zrealizowany podczas majowych obchod\u00f3w w Gorajcu dzi\u0119ki wsparciu <span class=\"html-span xdj266r x14z9mp xat24cr x1lziwak xexx8yu xyri2b x18d9i69 x1c1uobl x1hl2dhg x16tdsg8 x1vvkbs\"><a class=\"x1i10hfl xjbqb8w x1ejq31n x18oe1m7 x1sy0etr xstzfhl x972fbf x10w94by x1qhh985 x14e42zd x9f619 x1ypdohk xt0psk2 x3ct3a4 xdj266r x14z9mp xat24cr x1lziwak xexx8yu xyri2b x18d9i69 x1c1uobl x16tdsg8 x1hl2dhg xggy1nq x1a2a7pz xkrqix3 x1sur9pj x1fey0fg x1s688f\" tabindex=\"0\" role=\"link\" href=\"https:\/\/www.facebook.com\/MinisterstwoKulturyiDziedzictwaNarodowego?__cft__[0]=AZb4nK92qSctUhzq5S5weoFX6f8OxKOXWyfn9j9ap2a2Y6dFKIX8heOqY4reL9dzcaI8hL9OXU_nCSQNp7J_8LPAJ2M5yaRfzGhlAE72-QuFxfEr6Lj__u4RIqzYQFO4Fx8GZ961uPwA4VYL6FtwimwHAUxe4Zql6UM-9pC0DuHIx93oG9IkGyWAB1sopNfL6sw3qVIg7X01ugJbcO-_OpcQ&amp;__tn__=-]K-R\"><span class=\"xt0psk2\"><span class=\"xjp7ctv\">Ministerstwo Kultury i Dziedzictwa Narodowego<\/span><\/span><\/a><\/span><\/div>\n<\/div>\n","protected":false},"excerpt":{"rendered":"<p>W niewielkiej wiosce, gdzie\u015b na ko\u0144cu \u015bwiata, po\u015br\u00f3d las\u00f3w i wzg\u00f3rz Roztocza, wci\u0105\u017c \u017cywa jest pami\u0119\u0107 o najwi\u0119kszej \u2013 i bezkrwawej \u2013 rewolucji spo\u0142ecznej, jaka wydarzy\u0142a si\u0119 na tych ziemiach. W 1848 roku w Galicji zniesiono pa\u0144szczyzn\u0119. Zniesiono podda\u0144stwo. System p\u00f3\u0142niewolniczy, w kt\u00f3rym nie mo\u017cna by\u0142o sprzeda\u0107 pojedynczego cz\u0142owieka \u2013 Ka\u015bki, Ba\u015bki czy Wojtka \u2013 &hellip; <\/p>\n<p class=\"link-more\"><a href=\"http:\/\/gorajec.info\/index.php\/film\/\" class=\"more-link\">Czytaj dalej<span class=\"screen-reader-text\"> \u201eFilm Dzie\u0144 Wolno\u015bci Ch\u0142opskiej\u201d<\/span><\/a><\/p>\n","protected":false},"author":1,"featured_media":0,"parent":0,"menu_order":0,"comment_status":"closed","ping_status":"closed","template":"","meta":{"footnotes":""},"class_list":["post-62","page","type-page","status-publish","hentry"],"_links":{"self":[{"href":"http:\/\/gorajec.info\/index.php\/wp-json\/wp\/v2\/pages\/62","targetHints":{"allow":["GET"]}}],"collection":[{"href":"http:\/\/gorajec.info\/index.php\/wp-json\/wp\/v2\/pages"}],"about":[{"href":"http:\/\/gorajec.info\/index.php\/wp-json\/wp\/v2\/types\/page"}],"author":[{"embeddable":true,"href":"http:\/\/gorajec.info\/index.php\/wp-json\/wp\/v2\/users\/1"}],"replies":[{"embeddable":true,"href":"http:\/\/gorajec.info\/index.php\/wp-json\/wp\/v2\/comments?post=62"}],"version-history":[{"count":3,"href":"http:\/\/gorajec.info\/index.php\/wp-json\/wp\/v2\/pages\/62\/revisions"}],"predecessor-version":[{"id":65,"href":"http:\/\/gorajec.info\/index.php\/wp-json\/wp\/v2\/pages\/62\/revisions\/65"}],"wp:attachment":[{"href":"http:\/\/gorajec.info\/index.php\/wp-json\/wp\/v2\/media?parent=62"}],"curies":[{"name":"wp","href":"https:\/\/api.w.org\/{rel}","templated":true}]}}

Film Dzień Wolności Chłopskiej

<p><iframe loading="lazy" title="YouTube video player" src="https://www.youtube.com/embed/0bXZkWjB6Jg?si=VpZIavUxW5LD11uq" width="560" height="315" frameborder="0" allowfullscreen="allowfullscreen"></iframe></p>
<div dir="auto"></div>
<div dir="auto">W niewielkiej wiosce, gdzieś na końcu świata, pośród lasów i wzgórz Roztocza, wciąż żywa jest pamięć o największej – i bezkrwawej – rewolucji społecznej, jaka wydarzyła się na tych ziemiach.</div>
<div class="x14z9mp xat24cr x1lziwak x1vvkbs xtlvy1s x126k92a">
<div dir="auto">W 1848 roku w Galicji zniesiono pańszczyznę.</div>
<div dir="auto">Zniesiono poddaństwo.</div>
</div>
<div class="x14z9mp xat24cr x1lziwak x1vvkbs xtlvy1s x126k92a">
<div dir="auto">System półniewolniczy, w którym nie można było sprzedać pojedynczego człowieka – Kaśki, Baśki czy Wojtka – ale można było sprzedać całą wieś. System, z którego nie dało się odejść, wyjechać, uwolnić.</div>
</div>
<div class="x14z9mp xat24cr x1lziwak x1vvkbs xtlvy1s x126k92a">
<div dir="auto">Moment zniesienia pańszczyzny był momentem prawdziwej ulgi i radości. Został zapisany w kamieniu – w krzyżach pańszczyźnianych, przydrożnych pomnikach wolności, które do dziś stoją w centrach wsi i na rozstajach dróg. To one były i są znakami pamięci, wspólnoty i sprawczości chłopów.</div>
</div>
<div class="x14z9mp xat24cr x1lziwak x1vvkbs xtlvy1s x126k92a">
<div dir="auto">W filmie pokazujemy, jak te znaki wracają do życia. Jak kamienne krzyże są ponownie zdobione – tak jak dawniej – ręcznie wykonanymi kwiatami z bibuły. Jak wspólnota znów spotyka się wokół symboli wolności.</div>
</div>
<div class="x14z9mp xat24cr x1lziwak x1vvkbs xtlvy1s x126k92a">
<div dir="auto">Ale historia chłopska to nie tylko kamień.</div>
<div dir="auto">To przede wszystkim opowieść.</div>
</div>
<div class="x14z9mp xat24cr x1lziwak x1vvkbs xtlvy1s x126k92a">
<div dir="auto">Kultura ludowa nie była zapisywana w podręcznikach. Przenosiła się z ust do ust, z wieczornych rozmów, z pamięci dziadków, matek i babek. To właśnie ta „miękka tkanka kultury” najszybciej znika – jeśli nikt jej nie słucha i nie zapisuje.</div>
</div>
<div class="x14z9mp xat24cr x1lziwak x1vvkbs xtlvy1s x126k92a">
<div dir="auto">Dlatego Dzień Wolności Chłopskiej jest także przestrzenią dla badaczy historii ludowej, etnografów i historyków. Bo zniesienie pańszczyzny nie zakończyło konfliktów. Po 1848 roku przez dziesięciolecia trwały krwawe spory serwitutowe o lasy, łąki i pastwiska – o podstawy przetrwania. Palono łąki, niszczono lasy, bito i zabijano chłopów zbierających chrust. Wolność przyszła, ale jej cena była wysoka.</div>
</div>
<div class="x14z9mp xat24cr x1lziwak x1vvkbs xtlvy1s x126k92a">
<div dir="auto">Ten film jest opowieścią o pamięci.</div>
</div>
<div class="x14z9mp xat24cr x1lziwak x1vvkbs xtlvy1s x126k92a">
<div dir="auto">O wolności wywalczonej bez broni, ale nie bez cierpienia.</div>
<div dir="auto">O historii, która nie została zapisana – i dlatego łatwo ją stracić.</div>
<div dir="auto"><span class="html-span xexx8yu xyri2b x18d9i69 x1c1uobl x1hl2dhg x16tdsg8 x1vvkbs x3nfvp2 x1j61x8r x1fcty0u xdj266r xat24cr xm2jcoa x1mpyi22 xxymvpz xlup9mm x1kky2od"><img loading="lazy" decoding="async" class="xz74otr x15mokao x1ga7v0g x16uus16 xbiv7yw" src="https://static.xx.fbcdn.net/images/emoji.php/v9/ta/1/16/1f4fd.png" alt="📽️" width="16" height="16" /></span> Dzień Wolności Chłopskiej – dokument zrealizowany podczas majowych obchodów w Gorajcu dzięki wsparciu <span class="html-span xdj266r x14z9mp xat24cr x1lziwak xexx8yu xyri2b x18d9i69 x1c1uobl x1hl2dhg x16tdsg8 x1vvkbs"><a class="x1i10hfl xjbqb8w x1ejq31n x18oe1m7 x1sy0etr xstzfhl x972fbf x10w94by x1qhh985 x14e42zd x9f619 x1ypdohk xt0psk2 x3ct3a4 xdj266r x14z9mp xat24cr x1lziwak xexx8yu xyri2b x18d9i69 x1c1uobl x16tdsg8 x1hl2dhg xggy1nq x1a2a7pz xkrqix3 x1sur9pj x1fey0fg x1s688f" tabindex="0" role="link" href="https://www.facebook.com/MinisterstwoKulturyiDziedzictwaNarodowego?__cft__[0]=AZb4nK92qSctUhzq5S5weoFX6f8OxKOXWyfn9j9ap2a2Y6dFKIX8heOqY4reL9dzcaI8hL9OXU_nCSQNp7J_8LPAJ2M5yaRfzGhlAE72-QuFxfEr6Lj__u4RIqzYQFO4Fx8GZ961uPwA4VYL6FtwimwHAUxe4Zql6UM-9pC0DuHIx93oG9IkGyWAB1sopNfL6sw3qVIg7X01ugJbcO-_OpcQ&amp;__tn__=-]K-R"><span class="xt0psk2"><span class="xjp7ctv">Ministerstwo Kultury i Dziedzictwa Narodowego</span></span></a></span></div>
</div>

<p>W niewielkiej wiosce, gdzieś na końcu świata, pośród lasów i wzgórz Roztocza, wciąż żywa jest pamięć o największej – i bezkrwawej – rewolucji społecznej, jaka wydarzyła się na tych ziemiach. W 1848 roku w Galicji zniesiono pańszczyznę. Zniesiono poddaństwo. System półniewolniczy, w którym nie można było sprzedać pojedynczego człowieka – Kaśki, Baśki czy Wojtka – &hellip; </p>
<p class="link-more"><a href="http://gorajec.info/index.php/film/" class="more-link">Czytaj dalej<span class="screen-reader-text"> „Film Dzień Wolności Chłopskiej”</span></a></p>
